{"id":307,"date":"2025-07-23T12:40:00","date_gmt":"2025-07-23T11:40:00","guid":{"rendered":"http:\/\/515283570.swh.strato-hosting.eu\/STRATO-apps\/wordpress_18\/clone\/?page_id=307"},"modified":"2025-07-23T12:40:00","modified_gmt":"2025-07-23T11:40:00","slug":"museen-einrichtungen-und-sehenswertes","status":"publish","type":"page","link":"https:\/\/stadtfuehrungen-solingen.de\/?page_id=307","title":{"rendered":"Museen, Einrichtungen und Sehenswertes"},"content":{"rendered":"\n<p class=\"has-large-font-size\"><strong><mark style=\"background-color:rgba(0, 0, 0, 0)\" class=\"has-inline-color has-vivid-green-cyan-color\"><em>Museen und Einrichtungen<\/em><\/mark><\/strong><\/p>\n\n\n\n<p class=\"has-medium-font-size\">Deutsches Klingenmuseum <a href=\"http:\/\/www.klingenmuseum.de\"><strong><mark style=\"background-color:rgba(0, 0, 0, 0)\" class=\"has-inline-color has-vivid-cyan-blue-color\">https:\/\/www.klingenmuseum.de<\/mark><\/strong><\/a><br>Industriemuseum in Gesenkschmiede Hendrichs <a href=\"https:\/\/industriemuseum.lvr.de\/de\/die_museen\/solingen\/gesenkschmiede_hendrichs.html\"><strong><mark style=\"background-color:rgba(0, 0, 0, 0)\" class=\"has-inline-color has-vivid-cyan-blue-color\">https:\/\/industriemuseum.lvr.de<\/mark><\/strong><\/a><br>Ausstellung zur Geschichte der Lieferfrauen <br><a href=\"https:\/\/solingen.de\/inhalt\/liewerfrauenweg-besucherzentrum\"><strong><mark style=\"background-color:rgba(0, 0, 0, 0)\" class=\"has-inline-color has-vivid-cyan-blue-color\">https:\/\/solingen.de\/inhalt\/liewerfrauenweg-besucherzentrum<\/mark><\/strong><\/a><br><mark style=\"background-color:rgba(0, 0, 0, 0)\" class=\"has-inline-color has-black-color\">ge\u00e4nderte \u00d6ffnungszeiten: jeden 1. &amp; 3. Sonntag im Monat bis Ende Oktober<\/mark><br>Wipperkotten an der Wupper <a href=\"http:\/\/www.schleiferei-wipperkotten.de\"><strong><mark style=\"background-color:rgba(0, 0, 0, 0)\" class=\"has-inline-color has-vivid-cyan-blue-color\">http:\/\/www.schleiferei-wipperkotten.de<\/mark><\/strong><\/a><br>Balkhauser Kotten an der Wupper<strong> <a href=\"http:\/\/www.balkhauser-kotten.de\"><mark style=\"background-color:rgba(0, 0, 0, 0)\" class=\"has-inline-color has-vivid-cyan-blue-color\">http:\/\/www.balkhauser-kotten.de<\/mark><\/a><\/strong><br>Laurel und Hardy Museum <a href=\"http:\/\/www.laurel-hardy-museum.de\"><strong><mark style=\"background-color:rgba(0, 0, 0, 0)\" class=\"has-inline-color has-vivid-cyan-blue-color\">http:\/\/www.laurel-hardy-museum.de<\/mark><\/strong><\/a><br>Museum Plagiarius <a href=\"http:\/\/museum-plagiarius.de\"><strong><mark style=\"background-color:rgba(0, 0, 0, 0)\" class=\"has-inline-color has-vivid-cyan-blue-color\">http:\/\/museum-plagiarius.de<\/mark><\/strong><\/a><br>Kunstmuseum Solingen <a href=\"http:\/\/www.kunstmuseum-Solingen.de\"><strong><mark style=\"background-color:rgba(0, 0, 0, 0)\" class=\"has-inline-color has-vivid-cyan-blue-color\">http:\/\/www.kunstmuseum-Solingen.de<\/mark><\/strong><\/a><br>Museum f\u00fcr verfolgte K\u00fcnste <a href=\"http:\/\/www.verfolgte-kuenste.de\"><strong><mark style=\"background-color:rgba(0, 0, 0, 0)\" class=\"has-inline-color has-vivid-cyan-blue-color\">http:\/\/www.verfolgte-kuenste.de<\/mark><\/strong><\/a><br>O-Bus Museum <a href=\"http:\/\/www.obus-museum-solingen.de\"><strong><mark style=\"background-color:rgba(0, 0, 0, 0)\" class=\"has-inline-color has-vivid-cyan-blue-color\">http:\/\/www.obus-museum-solingen.de<\/mark><\/strong><\/a><br>Flippermuseum <a href=\"https:\/\/flippermuseum-solingen.de\"><strong><mark style=\"background-color:rgba(0, 0, 0, 0)\" class=\"has-inline-color has-vivid-cyan-blue-color\">https:\/\/flippermuseum-solingen.de<\/mark><\/strong><\/a><\/p>\n\n\n\n<p class=\"has-black-color has-text-color has-link-color wp-elements-9ac00cf961d1ea846fe5a532228b76c6\"><\/p>\n\n\n\n<p class=\"has-large-font-size\"><strong><em><mark style=\"background-color:rgba(0, 0, 0, 0)\" class=\"has-inline-color has-vivid-green-cyan-color\">Sehenswert<\/mark><\/em><\/strong><mark style=\"background-color:rgba(0, 0, 0, 0)\" class=\"has-inline-color has-vivid-green-cyan-color\"><em><strong>es<\/strong><\/em><\/mark><strong><em><mark style=\"background-color:rgba(0, 0, 0, 0)\" class=\"has-inline-color has-vivid-green-cyan-color\"><\/mark><\/em><\/strong><\/p>\n\n\n\n<p class=\"has-medium-font-size\">Schlo\u00df Burg <a href=\"http:\/\/www.schlossburg.de\"><strong>http:\/\/www.schlossburg.de<\/strong><\/a><br>M\u00fcngstener Br\u00fccke mit Br\u00fcckenpark <br><a href=\"https:\/\/www.welterbe-muengstener-bruecke.de\/ihr-besuch\"><strong>https:\/\/www.welterbe-muengstener-bruecke.de<\/strong><\/a> oder<br><a href=\"https:\/\/www.die-muengstener-bruecke.de\/\"><strong>https:\/\/www.die-muengstener-bruecke.de<\/strong><\/a><br>Galileum Solingen (Planetarium) <a href=\"https:\/\/galileum-solingen.de\/\"><strong>https:\/\/galileum-solingen.de\/<\/strong><\/a><br>Seilbahn im Stadtteil Burg <a href=\"http:\/\/www.seilbahn-burg.de\"><strong>http:\/\/www.seilbahn-burg.de<\/strong><\/a><br>Stadion Wald &#8211; Jahnkampfbahn <a href=\"http:\/\/www.jahnkampfbahn.de\"><strong>http:\/\/www.jahnkampfbahn.de<\/strong><\/a><br>Lichtturm Gr\u00e4frath <a href=\"https:\/\/www.lichtturm-solingen.de\/\"><strong>https:\/\/www.lichtturm-solingen.de\/<\/strong><\/a><br>Diverse typische Solinger Hofschaften z. B. Bech, Dahl, Eigen, N\u00fcmmen, R\u00fcden<\/p>\n\n\n\n<div class=\"wp-block-buttons is-layout-flex wp-block-buttons-is-layout-flex\">\n<div class=\"wp-block-button\"><a class=\"wp-block-button__link wp-element-button\" href=\"https:\/\/stadtfuehrungen-solingen.de\/?page_id=307\">nach oben<\/a><\/div>\n<\/div>\n\n\n\n<p><strong><mark style=\"background-color:rgba(0, 0, 0, 0)\" class=\"has-inline-color has-vivid-green-cyan-color\"><\/mark><\/strong><\/p>\n","protected":false},"excerpt":{"rendered":"<p>Museen und Einrichtungen Deutsches Klingenmuseum https:\/\/www.klingenmuseum.deIndustriemuseum in Gesenkschmiede Hendrichs https:\/\/industriemuseum.lvr.deAusstellung zur Geschichte der Lieferfrauen https:\/\/solingen.de\/inhalt\/liewerfrauenweg-besucherzentrumge\u00e4nderte \u00d6ffnungszeiten: jeden 1. &amp; 3.<\/p>\n<p class=\"readmore\"><a href=\"https:\/\/stadtfuehrungen-solingen.de\/?page_id=307\" title=\"Read Museen, Einrichtungen und Sehenswertes\">Read more &raquo;<\/a><\/p>\n","protected":false},"author":1,"featured_media":0,"parent":278,"menu_order":0,"comment_status":"closed","ping_status":"closed","template":"","meta":{"footnotes":""},"class_list":["post-307","page","type-page","status-publish","hentry"],"_links":{"self":[{"href":"https:\/\/stadtfuehrungen-solingen.de\/index.php?rest_route=\/wp\/v2\/pages\/307","targetHints":{"allow":["GET"]}}],"collection":[{"href":"https:\/\/stadtfuehrungen-solingen.de\/index.php?rest_route=\/wp\/v2\/pages"}],"about":[{"href":"https:\/\/stadtfuehrungen-solingen.de\/index.php?rest_route=\/wp\/v2\/types\/page"}],"author":[{"embeddable":true,"href":"https:\/\/stadtfuehrungen-solingen.de\/index.php?rest_route=\/wp\/v2\/users\/1"}],"replies":[{"embeddable":true,"href":"https:\/\/stadtfuehrungen-solingen.de\/index.php?rest_route=%2Fwp%2Fv2%2Fcomments&post=307"}],"version-history":[{"count":13,"href":"https:\/\/stadtfuehrungen-solingen.de\/index.php?rest_route=\/wp\/v2\/pages\/307\/revisions"}],"predecessor-version":[{"id":1024,"href":"https:\/\/stadtfuehrungen-solingen.de\/index.php?rest_route=\/wp\/v2\/pages\/307\/revisions\/1024"}],"up":[{"embeddable":true,"href":"https:\/\/stadtfuehrungen-solingen.de\/index.php?rest_route=\/wp\/v2\/pages\/278"}],"wp:attachment":[{"href":"https:\/\/stadtfuehrungen-solingen.de\/index.php?rest_route=%2Fwp%2Fv2%2Fmedia&parent=307"}],"curies":[{"name":"wp","href":"https:\/\/api.w.org\/{rel}","templated":true}]}}