{"id":100,"date":"2026-03-10T09:03:06","date_gmt":"2026-03-10T08:03:06","guid":{"rendered":"http:\/\/515283570.swh.strato-hosting.eu\/STRATO-apps\/wordpress_18\/clone\/?page_id=100"},"modified":"2026-03-18T10:21:43","modified_gmt":"2026-03-18T09:21:43","slug":"termine","status":"publish","type":"page","link":"https:\/\/stadtfuehrungen-solingen.de\/?page_id=100","title":{"rendered":"Termine 2026"},"content":{"rendered":"\n<p class=\"has-text-align-center has-white-color has-vivid-cyan-blue-background-color has-text-color has-background has-link-color wp-elements-97914b413d5c9425ebc080121b61a101\" style=\"font-size:21px;letter-spacing:5px\"><strong><em>\u00d6ffentliche F\u00fchrungen der Solinger Stadtf\u00fchrer<\/em><\/strong><\/p>\n\n\n\n<hr class=\"wp-block-separator has-alpha-channel-opacity\"\/>\n\n\n\n<p class=\"has-text-align-center has-vivid-green-cyan-background-color has-background\" style=\"font-size:45px\"><strong><mark style=\"background-color:rgba(0, 0, 0, 0)\" class=\"has-inline-color has-black-color\">Freitag, 08. Mai 2026<\/mark><\/strong><\/p>\n\n\n\n<p class=\"has-text-align-center has-white-background-color has-background\" style=\"font-size:18px\"><strong><strong>Hofschaften und Horizonte II \u2013 Rundwanderung \u00fcber Grunenburg und Schaberg<\/strong><\/strong><\/p>\n\n\n\n<div class=\"wp-block-media-text is-stacked-on-mobile is-vertically-aligned-center\" style=\"grid-template-columns:40% auto\"><figure class=\"wp-block-media-text__media\"><img loading=\"lazy\" decoding=\"async\" width=\"1024\" height=\"893\" src=\"https:\/\/stadtfuehrungen-solingen.de\/wp-content\/uploads\/2026\/02\/Bahnhof_Solingen-Schaberg_1-Gross-1024x893.jpg\" alt=\"\" class=\"wp-image-1262 size-full\" srcset=\"https:\/\/stadtfuehrungen-solingen.de\/wp-content\/uploads\/2026\/02\/Bahnhof_Solingen-Schaberg_1-Gross-1024x893.jpg 1024w, https:\/\/stadtfuehrungen-solingen.de\/wp-content\/uploads\/2026\/02\/Bahnhof_Solingen-Schaberg_1-Gross-300x262.jpg 300w, https:\/\/stadtfuehrungen-solingen.de\/wp-content\/uploads\/2026\/02\/Bahnhof_Solingen-Schaberg_1-Gross-768x669.jpg 768w, https:\/\/stadtfuehrungen-solingen.de\/wp-content\/uploads\/2026\/02\/Bahnhof_Solingen-Schaberg_1-Gross.jpg 1239w\" sizes=\"auto, (max-width: 1024px) 100vw, 1024px\" \/><\/figure><div class=\"wp-block-media-text__content\">\n<p class=\"has-text-align-center\" style=\"font-size:15px\"><mark style=\"background-color:rgba(0, 0, 0, 0)\" class=\"has-inline-color has-black-color\">Wir wandern die ehemalige Trasse der Barmer Bergbahn entlang in Richtung M\u00fcngsten und h\u00f6ren dabei Interessantes zur Geologie des Bergischen Landes. An der Stelle des historischen Wasserwerks erfahren wir, wann die zentrale Solinger Trinkwasserversorgung ihren Anfang nahm und ob es in der Hofschaft Grunenburg tats\u00e4chlich mal eine Burg gegeben hat. Nach der Napoleonsbr\u00fccke nehmen wir den steilen Pfad bergan zur Hofschaft Schaberg, wo es Interessantes zu zeigen und zu erz\u00e4hlen gibt, und gehen zur\u00fcck zum Ausgangspunkt der Wanderung.<\/mark><\/p>\n<\/div><\/div>\n\n\n\n<p class=\"has-white-background-color has-background\" style=\"font-size:15px\"><strong>Treffpunkt:&nbsp;&nbsp;&nbsp;&nbsp;&nbsp;&nbsp;&nbsp;&nbsp;&nbsp;&nbsp;&nbsp;&nbsp;&nbsp;&nbsp;&nbsp;&nbsp;<\/strong> Meigener Stra\u00dfe an der LVR-Jugendhilfe Halfeshof.<br><strong>G\u00e4stef\u00fchrer:&nbsp;&nbsp;&nbsp;&nbsp;&nbsp;&nbsp;&nbsp;&nbsp;&nbsp;&nbsp;&nbsp;<\/strong> &nbsp; <strong><mark style=\"background-color:rgba(0, 0, 0, 0)\" class=\"has-inline-color has-vivid-cyan-blue-color\">Alexandra Clauberg \/ Stadtf\u00fchrungen Solingen<\/mark><\/strong><br><strong>Uhrzeit, Dauer und Kosten:<\/strong> <strong><em>15.30 Uhr<\/em><\/strong>. Dauer: ca. 2,5 Stunden. L\u00e4nge: ca. 6,5 km. Teilnahme: <strong>5,00 Euro.<\/strong><br><mark style=\"background-color:rgba(0, 0, 0, 0)\" class=\"has-inline-color has-vivid-cyan-blue-color\"><strong>Anmeldung und Infos unter Tel: 0172-601 43 72 oder E-Mail: <a href=\"mailto:alex.clauberg@gmx.de\">alex.clauberg@gmx.de<\/a><\/strong><\/mark><\/p>\n\n\n\n<hr class=\"wp-block-separator has-alpha-channel-opacity\"\/>\n\n\n\n<p class=\"has-text-align-center has-white-color has-vivid-cyan-blue-background-color has-text-color has-background has-link-color wp-elements-b7e33c722b22cebb60f1e9b144431845\" style=\"font-size:26px\"><strong><mark style=\"background-color:rgba(0, 0, 0, 0)\" class=\"has-inline-color has-white-color\">Weitere Termine der Solinger Stadtf\u00fchrer<\/mark> mit F\u00fchrungen ab Ende M\u00e4rz folgen f\u00fcr das erste 1\/2 Jahr 2026. <\/strong><br><strong>Wir Stadtf\u00fchrer freuen uns auf Euch.<\/strong><\/p>\n\n\n\n<p><\/p>\n\n\n\n<hr class=\"wp-block-separator has-alpha-channel-opacity\"\/>\n\n\n\n<div class=\"wp-block-buttons is-layout-flex wp-block-buttons-is-layout-flex\">\n<div class=\"wp-block-button\"><a class=\"wp-block-button__link wp-element-button\" href=\"https:\/\/stadtfuehrungen-solingen.de\/?page_id=100\">nach oben <\/a><\/div>\n<\/div>\n\n\n\n<p><\/p>\n","protected":false},"excerpt":{"rendered":"<p>\u00d6ffentliche F\u00fchrungen der Solinger Stadtf\u00fchrer Freitag, 08. Mai 2026 Hofschaften und Horizonte II \u2013 Rundwanderung \u00fcber Grunenburg und Schaberg Wir<\/p>\n<p class=\"readmore\"><a href=\"https:\/\/stadtfuehrungen-solingen.de\/?page_id=100\" title=\"Read Termine 2026\">Read more &raquo;<\/a><\/p>\n","protected":false},"author":1,"featured_media":0,"parent":0,"menu_order":0,"comment_status":"closed","ping_status":"closed","template":"","meta":{"footnotes":""},"class_list":["post-100","page","type-page","status-publish","hentry"],"_links":{"self":[{"href":"https:\/\/stadtfuehrungen-solingen.de\/index.php?rest_route=\/wp\/v2\/pages\/100","targetHints":{"allow":["GET"]}}],"collection":[{"href":"https:\/\/stadtfuehrungen-solingen.de\/index.php?rest_route=\/wp\/v2\/pages"}],"about":[{"href":"https:\/\/stadtfuehrungen-solingen.de\/index.php?rest_route=\/wp\/v2\/types\/page"}],"author":[{"embeddable":true,"href":"https:\/\/stadtfuehrungen-solingen.de\/index.php?rest_route=\/wp\/v2\/users\/1"}],"replies":[{"embeddable":true,"href":"https:\/\/stadtfuehrungen-solingen.de\/index.php?rest_route=%2Fwp%2Fv2%2Fcomments&post=100"}],"version-history":[{"count":220,"href":"https:\/\/stadtfuehrungen-solingen.de\/index.php?rest_route=\/wp\/v2\/pages\/100\/revisions"}],"predecessor-version":[{"id":1291,"href":"https:\/\/stadtfuehrungen-solingen.de\/index.php?rest_route=\/wp\/v2\/pages\/100\/revisions\/1291"}],"wp:attachment":[{"href":"https:\/\/stadtfuehrungen-solingen.de\/index.php?rest_route=%2Fwp%2Fv2%2Fmedia&parent=100"}],"curies":[{"name":"wp","href":"https:\/\/api.w.org\/{rel}","templated":true}]}}